hat is the units digit of 74207080?
0
What is the ten thousands digit of 22101219?
0
What is the hundred millions digit of 262394667?
2
What is the ten millions digit of 66516162?
6
What is the tens digit of 925316333?
3
What is the ten millions digit of 6352652770?
5
What is the ten millions digit of 171201741?
7
What is the ten thousands digit of 137788532?
8
What is the millions digit of 194388591?
4
What is the millions digit of 714034886?
4
What is the hundred millions digit of 160141916?
1
What is the units digit of 72580284?
4
What is the units digit of 164787721?
1
What is the units digit of 283310264?
4
What is the hundred millions digit of 374882133?
3
What is the hundred thousands digit of 1878001134?
0
What is the hundreds digit of 96513721?
7
What is the millions digit of 338228028?
8
What is the hundred millions digit of 8424161685?
4
What is the hundred thousands digit of 123438752?
4
What is the thousands digit of 134876519?
6
What is the tens digit of 476841831?
3
What is the ten millions digit of 129837127?
2
What is the ten millions digit of 46237165?
4
What is the ten thousands digit of 622342669?
4
What is the ten thousands digit of 2133820884?
2
What is the tens digit of 91916587?
8
What is the ten thousands digit of 28308420?
0
What is the thousands digit of 123375878?
5
What is the hundreds digit of 333278697?
6
What is the units digit of 111502095?
5
What is the thousands digit of 252769486?
9
What is the hundred millions digit of 136488738?
1
What is the units digit of 19614518?
8
What is the hundred thousands digit of 534068022?
0
What is the units digit of 40663243?
3
What is the ten thousands digit of 4045753335?
5
What is the units digit of 50365510?
0
What is the ten thousands digit of 139192564?
9
What is the ten thousands digit of 385879447?
7
What is the hundreds digit of 302596263?
2
What is the millions digit of 47878888?
7
What is the units digit of 4603089793?
3
What is the hundred millions digit of 755620901?
7
What is the hundreds digit of 94355524?
5
What is the thousands digit of 95438519?
8
What is the thousands digit of 1354156904?
6
What is the ten millions digit of 2036767468?
3
What is the hundred millions digit of 188752769?
1
What is the hundreds digit of 47359273?
2
What is the thousands digit of 139528772?
8
What is the thousands digit of 1877087764?
7
What is the millions digit of 37578858?
7
What is the ten millions digit of 3890291948?
9
What is the ten millions digit of 4815910638?
1
What is the hundred thousands digit of 65507220?
5
What is the ten thousands digit of 64459335?
5
What is the units digit of 54459739?
9
What is the ten millions digit of 1569767020?
6
What is the ten thousands digit of 345230927?
3
What is the millions digit of 71656828?
1
What is the tens digit of 2766471335?
3
What is the ten thousands digit of 6750476641?
7
What is the hundreds digit of 4154110857?
8
What is the millions digit of 1586401?
1
What is the units digit of 223802286?
6
What is the ten millions digit of 946406164?
4
What is the hundred thousands digit of 503914371?
9
What is the ten millions digit of 26998521?
2
What is the units digit of 4300119261?
1
What is the hundred thousands digit of 115999592?
9
What is the ten thousands digit of 57726130?
2
What is the tens digit of 92698538?
3
What is the ten thousands digit of 235528149?
2
What is the hundred thousands digit of 36714635?
7
What is the millions digit of 4836722?
4
What is the hundred thousands digit of 86432090?
4
What is the hundred thousands digit of 1216809024?
8
What is the thousands digit of 682153?
2
What is the millions digit of 50095505?
0
What is the ten thousands digit of 284048779?
4
What is the thousands digit of 88997726?
7
What is the ten thousands digit of 300648325?
4
What is the tens digit of 2030964009?
0
What is the billions digit of 1316947170?
1
What is the hundreds digit of 962280666?
6
What is the hundreds digit of 80108200?
2
What is the hundred millions digit of 1667248651?
6
What is the ten thousands digit of 433605363?
0
What is the hundred millions digit of 998463481?
9
What is the thousands digit of 61192533?
2
What is the units digit of 161194489?
9
What is the hundreds digit of 20203105?
1
What is the hundreds digit of 92225346?
3
What is the hundred millions digit of 2681187957?
6
What is the hundred millions digit of 141999513?
1
What is the millions digit of 3813927867?
3
What is the hundred millions digit of 203564958?
2
What is the hundreds digit of 662649353?
3
What is the tens digit of 51360615?
1
What is the hundreds digit of 623579829?
8
What is the hundred thousands digit of 1623480419?
4
What is the thousands digit of 3219181657?
1
What is the billions digit of 2612814375?
2
What is the units digit of 162466851?
1
What is the thousands digit of 9887865?
7
What is the hundred thousands digit of 576339766?
3
What is the units digit of 43534084?
4
What is the tens digit of 19294180?
8
What is the millions digit of 171708999?
1
What is the ten millions digit of 1534725113?
3
What is the tens digit of 84674854?
5
What is the hundreds digit of 683534411?
4
What is the hundreds digit of 473953837?
8
What is the units digit of 185571632?
2
What is the millions digit of 256216945?
6
What is the units digit of 76669231?
1
What is the thousands digit of 75190024?
0
What is the ten millions digit of 3640357020?
4
What is the thousands digit of 6361145?
1
What is the millions digit of 575349908?
5
What is the millions digit of 13435778?
3
What is the hundred thousands digit of 248598430?
5
What is the tens digit of 89550303?
0
What is the ten millions digit of 2082563128?
8
What is the ten thousands digit of 399340427?
4
What is the millions digit of 32584872?
2
What is the hundred millions digit of 180760288?
1
What is the thousands digit of 450145187?
5
What is the millions digit of 103354584?
3
What is the tens digit of 18981424?
2
What is the ten thousands digit of 29108468?
0
What is the hundreds digit of 424544231?
2
What is the ten thousands digit of 160635739?
3
What is the tens digit of 1638124995?
9
What is the units digit of 15954083?
3
What is the millions digit of 1882701294?
2
What is the units digit of 583010317?
7
What is the thousands digit of 998430565?
0
What is the hundred thousands digit of 2958715895?
7
What is the tens digit of 67884586?
8
What is the thousands digit of 2532952692?
2
What is the hundred millions digit of 1681247060?
6
What is the hundreds digit of 13612105?
1
What is the hundreds digit of 316869864?
8
What is the hundred millions digit of 164728493?
1
What is the millions digit of 57585859?
7
What is the tens digit of 808124047?
4
What is the thousands digit of 29477427?
7
What is the ten millions digit of 5734573593?
3
What is the units digit of 47645156?
6
What is the hundred thousands digit of 13910702?
9
What is the hundreds digit of 79997846?
8
What is the billions digit of 1418749677?
1
What is the hundred thousands digit of 5501945908?
9
What is the ten millions digit of 261571724?
6
What is the tens digit of 13527177?
7
What is the units digit of 1110583149?
9
What is the tens digit of 125462179?
7
What is the ten millions digit of 3512391262?
1
What is the hundred millions digit of 2311445751?
3
What is the hundred thousands digit of 9652677?
6
What is the ten millions digit of 95092784?
9
What is the hundreds digit of 248657650?
6
What is the thousands digit of 78253496?
3
What is the tens digit of 2745973665?
6
What is the units digit of 216020682?
2
What is the hundreds digit of 2354356378?
3
What is the hundred thousands digit of 13787822?
7
What is the hundreds digit of 262259173?
1
What is the ten thousands digit of 6790414136?
1
What is the thousands digit of 68768171?
8
What is the tens digit of 350859471?
7
What is the tens digit of 5750236129?
2
What is the millions digit of 357910806?
7
What is the ten millions digit of 1142439856?
4
What is the hundred millions digit of 152575929?
1
What is the thousands digit of 153341643?
1
What is the units digit of 211450006?
6
What is the units digit of 2098465934?
4
What is the ten thousands digit of 643096707?
9
What is the ten thousands digit of 2941134539?
3
What is the millions digit of 1019390618?
9